9 + c. Is h a prime number?
False
Let u be 80/(-6)*246/(-5). Let q(s) = -4 - u*s - 884*s + 559*s. Is q(-1) prime?
True
Let c(p) = -187468*p + 379. Is c(-1) composite?
True
Is 19765804/16 - -9*2/72 composite?
False
Suppose -151407 = -3*r - 2*o, 2*r - 201898 = -2*r + o. Is r composite?
True
Let z be (133 + -1)*7/(-14). Is (3/2)/(z/(-14036)) prime?
False
Suppose -4*k + 12047 = 2*f + 3633, -k + 2104 = f. Suppose 5*i + 2*g = k + 802, -2*g = 0. Let l = i - -570. Is l a composite number?
False
Let k(j) = 1096*j**3 + 4*j**2 - 65*j + 251. Is k(4) a composite number?
False
Let b be (-8)/(-10) - (-273)/(-35). Let h(q) be the first derivative of -21*q**2/2 - 5*q - 3. Is h(b) a composite number?
True
Suppose 0*o - 2*o + 250 = -5*j, -2*o + 232 = 4*j. Let z = o - 118. Is ((-870)/24)/((-7)/(-4) - z) a composite number?
True
Let p(q) = 7*q**2 + 8*q + 29. Let n be p(12). Suppose 0 = -2*o - n + 6175. Is o a composite number?
False
Suppose 131*v - 8 = 127*v. Let k(u) = 43*u + 27*u**2 + u**3 - 11*u - 4*u**2 + 0*u**v - 23. Is k(-16) prime?
False
Suppose -50*l + 5*w = -53*l - 7293, 3*w = 2*l + 4862. Let d = 5936 + l. Is d prime?
False
Suppose 13*a - 57090 - 5193 = 0. Is a composite?
True
Suppose -2*g + 515281 = 3*y, -3*g + 86*y = 90*y - 772919. Is g a composite number?
True
Let a(c) be the second derivative of -c**5/20 + 3*c**4/2 + 13*c**3/3 - 6*c**2 - 168*c - 5. Suppose g - 18 = 1. Is a(g) a composite number?
True
Suppose 4*a - 2*r - 37050 = 15314, 4*a + 3*r - 52384 = 0. Is a prime?
True
Suppose 55551795 = 115*s + 177*s - 97*s. Is s prime?
True
Let q = -167643 + 353132. Is q composite?
True
Let v(n) = 29*n**2 + 2*n + 3. Let r be v(4). Is r - (-8 + 11)*-2 a prime number?
False
Let o(q) = -336*q + 265. Is o(-23) prime?
True
Let c(d) = -266*d + 5. Let i(j) = -j**3 + j**2 + 2*j + 2. Let r be i(0). Let n be (-12)/9 + r + (-5)/3. Is c(n) a prime number?
True
Let t(w) = -w**3 + 7*w**2 + 14*w - 7. Let z be t(8). Suppose -2*b - 2*j + 0 + 10 = 0, -b + 5*j - 25 = 0. Suppose 43*o - z*o - 1774 = b. Is o a prime number?
True
Let j be (-41 + 27)*(0 - 1). Suppose 0 = -j*m - 21*m + 134365. Is m a prime number?
False
Let v be 1*2 + (-1 - 6) + 7. Suppose -7*o - v*o = -0*o. Suppose f + 5*t = -4*f + 395, 3*f - 4*t - 258 = o. Is f a composite number?
True
Let s = 64260 - 30145. Is s composite?
True
Suppose 4*n - 2*h = 1859284, -5*h - 228363 = -5*n + 2095742. Is n prime?
False
Let q(z) = z**2 - 14*z + 41. Let i be q(9). Is (i - 33/(-9))*-15*409 composite?
True
Let m = 517338 + -297145. Is m prime?
False
Suppose 0*c + c = 36. Let b be 88/(-6)*c/(-3). Let d = b + 731. Is d prime?
True
Let o = -22665 - -67760. Let u = o - 16536. Is u prime?
True
Suppose 5*y - 1 = -4*q + 6, -20 = -5*q + 5*y. Let l(k) = 316*k**2 + 1. Is l(q) a composite number?
True
Suppose -13834 = -20*d - 3014. Is d prime?
True
Suppose 2*t = -1465 + 133. Suppose -9*j = -7*j - 1906. Let p = t + j. Is p composite?
True
Let c(x) = x + 1. Let l(p) = 7*p**2 + 7*p + 7. Let z(v) = -5*c(v) + l(v). Let a be z(8). Suppose -3*u + 3*y = -699, 2*y = -2*u - 2*y + a. Is u composite?
False
Suppose 3*x = -0*x - 600. Let m be x/5*(-88 + 2). Is m/18 - (-11)/(-99) a prime number?
True
Suppose -735*u = -720*u - 55215. Let w = 3 + 0. Suppose -2*m + d - u = -4*m, 5522 = w*m + d. Is m a prime number?
False
Let d = -244 + 375. Suppose -2*g + 4*t - d = 5*t, -t = 5*g + 323. Is 978/(-4)*g/48 composite?
True
Let m be 13/(0 - (1 - 6/3)). Suppose m - 9 = -4*f. Is (17274/(-18))/(f/3) a composite number?
False
Suppose -z = -6*z - 5305. Suppose 0 = 3*l - 4*f + 1294, -430 = -4*l + 5*l - f. Let c = l - z. Is c prime?
False
Is 166/249 - 1/(-3)*225931 a prime number?
False
Let t = -57 + 59. Suppose 19 = 5*x - 3*f, t*f + 2*f + 16 = 2*x. Suppose -b + 1311 = -2*v - 382, -x*b + 3385 = -3*v. Is b a prime number?
False
Let w = 0 - 14. Let c = 16 + w. Suppose c*b - 176 = -b + k, -b + 4*k = -66. Is b composite?
True
Suppose s - 5*s + 40638 = 5*x, 5*x - 40622 = 4*s. Suppose -5*m - x = -2*o - m, 4*o - 16267 = 5*m. Is o composite?
False
Suppose 2*p - 205 = -195. Suppose -p*o + 2554 = -2941. Is o a composite number?
True
Let d = 464470 + -294659. Is d a composite number?
True
Suppose -8*s - 29272 = -2*l - 5*s, -3*l - 3*s + 43908 = 0. Suppose 4*g - l = 3552. Is g a composite number?
False
Let q(t) = 1347524*t**2 - 75*t + 78. Is q(1) a prime number?
True
Let a = -124 + 120. Let o be ((0/a)/(1*-2))/2. Suppose 3*v = 6, 5*f + 3*v + 161 - 1822 = o. Is f prime?
True
Let s(o) be the second derivative of 250*o**3/3 - 17*o**2/2 - 7*o. Is s(20) a composite number?
True
Suppose -5*v - 3*r + 9*r = -353242, -2*v = -2*r - 141296. Is v a composite number?
True
Let h = -119520 - -391279. Is h prime?
False
Suppose -w = 4*w + 3*w. Suppose 4*p + p - 20 = w, -3*o = -4*p + 34. Is ((-4)/o)/((-18)/(-999)) a composite number?
False
Suppose 23*k - 1149613 = 350608. Is k a composite number?
True
Suppose -2*n - 1461 = 8009. Let u = -2460 - n. Suppose -u - 1558 = -f. Is f prime?
True
Suppose -13*k + 30174 = -22203. Let p = -1174 + k. Is p composite?
True
Let w(u) = 2*u**2 + 11*u + 4. Let d be w(13). Suppose 3*s = d + 679. Suppose 3*a + 4*p - 1897 = 0, a = 4*p + 239 + s. Is a a composite number?
False
Suppose -4*x = 5*x - 1530. Suppose -13*q + 64 = -x. Suppose 19*y = q*y + 1343. Is y composite?
True
Let r be 218*(1/(1 + -2) - 2). Is 15/(-90)*(r - 0) a composite number?
False
Is ((-13)/(-39))/((-9)/(-866673)) composite?
False
Suppose 0*c - c = 2*c. Suppose -14*v + 13*v + 1204 = c. Let g = v + -725. Is g a prime number?
True
Let n(r) = 1373*r**3 + r**2 + 30*r - 175. Is n(4) composite?
False
Let x(c) = c + 4. Let n be x(-10). Let f be 1 - -3*(1 - 0). Is (n + -88)/(f/(-6)) prime?
False
Let m be (2/2)/((-8)/32). Let o be m/18 - 83/(-9)*1. Is (393/(-9))/((-3)/o) composite?
False
Let f(r) be the second derivative of -r**3/2 + 19*r**2/2 - 5*r. Let v be f(7). Let l(p) = -672*p + 1. Is l(v) prime?
False
Suppose -1050*h + 1357542 = -1032*h. Is h prime?
False
Suppose -31 = 5*q - 4*t, 4*q = -4*t + 1 + 3. Is (-40)/15*q - -42459 prime?
True
Let f(n) = -3454*n - 3711. Is f(-113) a prime number?
False
Let u(f) = 2*f**2 + 12*f - 28. Let i be u(-8). Suppose 18846 + 3646 = i*l. Is l composite?
False
Let p(w) = 9*w - 8*w + 10 - 9 + 206*w**2. Is p(-4) a composite number?
True
Suppose -4*x = 5*y - 2*x + 26, 4*x + 4 = 2*y. Is ((-23)/(-3) + y)*(-1 - -1042) a composite number?
True
Let r be 8 + 0 + (-8 - -4). Is 1594*(4 + (-2)/r + -3) a prime number?
True
Let i be 494/(-7) - 6/84*-8. Is 3 - (10882/(-5) - 28/i) composite?
False
Let g = 253438 - 104829. Is g composite?
False
Let w(q) = -9*q**3 + 251*q**2 + 2480*q + 11. Is w(-10) a prime number?
True
Is (-400082)/(-4) + (-35)/70 - -1 a composite number?
True
Let g(x) = -595*x + 41. Let b(y) = 145*y - 10. Let k(z) = 11*b(z) + 3*g(z). Suppose 3*m = -4*r - 37, -5*r - 22 = -2. Is k(m) prime?
False
Suppose i - 2*i = -3. Let j(t) = 267*t**2 - 3*t + 1. Let d be j(i). Suppose 4*g + g - d = 0. Is g prime?
True
Let n be 1 - 0/((-2)/2). Suppose 0 = 2*u - 2*g, -u + 7 - n = 2*g. Suppose u*c = -486 + 1316. Is c a prime number?
False
Suppose 34*f - 1561075 = -0*f - 206991. Is f a composite number?
True
Let b(v) be the third derivative of v**4/6 + 11*v**3/2 + 126*v**2. Let s be 2 + (9*3 - 2). Is b(s) a prime number?
False
Suppose 3*v - 1434844 = -5*n, 133*v = 3*n + 137*v - 860891. Is n a prime number?
True
Suppose -13*r = -12*r - 5, 3*d = r + 294364. Is d composite?
False
Let m(o) = 0*o + 535 + 453*o**2 + o + 166 - 454*o**2. Is m(0) prime?
True
Suppose 25 = -4*u + g, -3*u + 1 = 4*g - 4. Let f(a) = -a. Let p(k) = 102*k - 6. Let x(q) = -5*f(q) - p(q). Is x(u) a prime number?
True
Suppose -5*x + 2*w = 6, 2*x = x + 5*w - 15. Suppose t - 4400 = 5*p, -p + 8767 = 2*t - x*t. Is t a prime number?
False
Let k(u) = 59*u**3 + 3*u**2 - 49*u + 96. Is k(7) a composite number?
True
Let i(k) = -6*k + 5*k + 2*k. Let r(w) = 2*w**2 - 27*w - 23. Let c(b) = -2*i(b) + r(b). Is c(-12) composite?
False
Let z = 209 - 139. Is z/(-385) + (-11409)/(-22)*2 composite?
True
Let o(l) = l**3 - l**2 - 13*l + 2. Let g be o(4). Is ((-6)/24*3386)/(g/8) prime?
False
Suppose -95847 = -3*h - 3*b, -2*h = -2*b - 84214 + 20308. Is h composite?
True
Let j(n) = 103*n - 44. Let m be j(3). Is (-2438)/115*(m/(-2) - 0) prime?
False
Let o be